{"id":370341,"date":"2026-03-18T08:00:31","date_gmt":"2026-03-18T07:00:31","guid":{"rendered":"https:\/\/katarinahamilton.se\/?post_type=product&#038;p=370341"},"modified":"2026-04-06T16:52:43","modified_gmt":"2026-04-06T14:52:43","slug":"bricka-luktarter-o39cm","status":"publish","type":"product","link":"https:\/\/katarinahamilton.se\/sv\/produkt\/bricka-luktarter-o39cm\/","title":{"rendered":"bricka: &#8220;Lukt\u00e4rter&#8221;  \u00d839cm"},"content":{"rendered":"","protected":false},"excerpt":{"rendered":"<p class=\"p1\">Den h\u00e4r brickan med sina ljuvliga lukt\u00e4rter g\u00f6r det vackert var den \u00e4n hamnar. Perfekt f\u00f6r bubbel\/fl\u00e4dersaft\/annat gott &#8211; p\u00e5 mottagningen konfirmationen, studenten, br\u00f6llopet, tr\u00e4dg\u00e5rdsfesten och f\u00f6r kaffet p\u00e5 mors dag.<\/p>\n<p class=\"p1\">Sedan jag var liten har tycker jag att lukt\u00e4rter \u00e4r helt magiska och jag har skissat i \u00e5ratal f\u00f6r att f\u00f6rs\u00f6ka \u00e5terge den d\u00e4r magin. Nu \u00e4ntligen k\u00e4nns det som att jag kanske lyckats\u00a0 \/Katarina.<\/p>\n<p>Brickan diskas f\u00f6r hand eller i diskmaskin 95\u00b0 C.<\/p>\n","protected":false},"featured_media":370362,"comment_status":"open","ping_status":"closed","template":"","meta":{"_monsterinsights_skip_tracking":false,"_monsterinsights_sitenote_active":false,"_monsterinsights_sitenote_note":"","_monsterinsights_sitenote_category":0},"product_brand":[],"product_cat":[633,611,619,22],"product_tag":[354,610,689,879,1218,686,412,861,630,658,136],"class_list":{"0":"post-370341","1":"product","2":"type-product","3":"status-publish","4":"has-post-thumbnail","6":"price_cat-bricka-39","7":"product_cat-trays","8":"product_cat-interior_accessories","9":"product_cat-kitchen_and_table","10":"product_cat-news","11":"product_tag-children","12":"product_tag-wedding","13":"product_tag-christianing","14":"product_tag-green","15":"product_tag-confirmation","16":"product_tag-mothers-day","17":"product_tag-romance","18":"product_tag-pink","19":"product_tag-summer","20":"product_tag-garden","21":"product_tag-white","23":"first","24":"instock","25":"taxable","26":"shipping-taxable","27":"purchasable","28":"product-type-simple"},"_links":{"self":[{"href":"https:\/\/katarinahamilton.se\/sv\/wp-json\/wp\/v2\/product\/370341","targetHints":{"allow":["GET"]}}],"collection":[{"href":"https:\/\/katarinahamilton.se\/sv\/wp-json\/wp\/v2\/product"}],"about":[{"href":"https:\/\/katarinahamilton.se\/sv\/wp-json\/wp\/v2\/types\/product"}],"replies":[{"embeddable":true,"href":"https:\/\/katarinahamilton.se\/sv\/wp-json\/wp\/v2\/comments?post=370341"}],"wp:featuredmedia":[{"embeddable":true,"href":"https:\/\/katarinahamilton.se\/sv\/wp-json\/wp\/v2\/media\/370362"}],"wp:attachment":[{"href":"https:\/\/katarinahamilton.se\/sv\/wp-json\/wp\/v2\/media?parent=370341"}],"wp:term":[{"taxonomy":"product_brand","embeddable":true,"href":"https:\/\/katarinahamilton.se\/sv\/wp-json\/wp\/v2\/product_brand?post=370341"},{"taxonomy":"product_cat","embeddable":true,"href":"https:\/\/katarinahamilton.se\/sv\/wp-json\/wp\/v2\/product_cat?post=370341"},{"taxonomy":"product_tag","embeddable":true,"href":"https:\/\/katarinahamilton.se\/sv\/wp-json\/wp\/v2\/product_tag?post=370341"}],"curies":[{"name":"wp","href":"https:\/\/api.w.org\/{rel}","templated":true}]}}

bricka: &#8220;Luktärter&#8221;  Ø39cm

<p class="p1">Den här brickan med sina ljuvliga luktärter gör det vackert var den än hamnar. Perfekt för bubbel/flädersaft/annat gott &#8211; på mottagningen konfirmationen, studenten, bröllopet, trädgårdsfesten och för kaffet på mors dag.</p>
<p class="p1">Sedan jag var liten har tycker jag att luktärter är helt magiska och jag har skissat i åratal för att försöka återge den där magin. Nu äntligen känns det som att jag kanske lyckats  /Katarina.</p>
<p>Brickan diskas för hand eller i diskmaskin 95° C.</p>
